usands digit of 2093444?
0
What is the hundreds digit of 7523259?
2
What is the units digit of 14233529?
9
What is the ten thousands digit of 1885593?
8
What is the units digit of 801892?
2
What is the tens digit of 21270919?
1
What is the units digit of 559399?
9
What is the hundred thousands digit of 862310?
8
What is the hundred thousands digit of 390130?
3
What is the tens digit of 8073234?
3
What is the millions digit of 27683764?
7
What is the hundred thousands digit of 410313?
4
What is the units digit of 344246?
6
What is the hundred thousands digit of 181539?
1
What is the hundred thousands digit of 6702475?
7
What is the hundred thousands digit of 1731336?
7
What is the ten thousands digit of 536588?
3
What is the units digit of 463325?
5
What is the millions digit of 26891468?
6
What is the thousands digit of 2473719?
3
What is the ten thousands digit of 1398939?
9
What is the hundreds digit of 63242?
2
What is the units digit of 109994?
4
What is the tens digit of 2877629?
2
What is the hundred thousands digit of 193398?
1
What is the millions digit of 6393006?
6
What is the tens digit of 231276?
7
What is the tens digit of 1307383?
8
What is the ten thousands digit of 2069821?
6
What is the millions digit of 1429714?
1
What is the ten thousands digit of 2325369?
2
What is the ten thousands digit of 3676489?
7
What is the units digit of 7150562?
2
What is the ten thousands digit of 423241?
2
What is the hundred thousands digit of 993117?
9
What is the ten thousands digit of 17796202?
9
What is the tens digit of 1406008?
0
What is the units digit of 507332?
2
What is the tens digit of 143267?
6
What is the tens digit of 377805?
0
What is the ten thousands digit of 146001?
4
What is the hundred thousands digit of 9811639?
8
What is the ten thousands digit of 176272?
7
What is the units digit of 85519?
9
What is the tens digit of 3279263?
6
What is the tens digit of 5633907?
0
What is the hundreds digit of 3114309?
3
What is the hundred thousands digit of 938059?
9
What is the tens digit of 1014566?
6
What is the hundreds digit of 883530?
5
What is the tens digit of 150245?
4
What is the thousands digit of 6954195?
4
What is the tens digit of 29961?
6
What is the millions digit of 2511751?
2
What is the tens digit of 754081?
8
What is the tens digit of 14554126?
2
What is the ten thousands digit of 636102?
3
What is the units digit of 29738?
8
What is the tens digit of 881127?
2
What is the units digit of 164155?
5
What is the millions digit of 3278650?
3
What is the hundred thousands digit of 266132?
2
What is the units digit of 649704?
4
What is the hundred thousands digit of 674140?
6
What is the thousands digit of 185363?
5
What is the ten thousands digit of 144365?
4
What is the ten thousands digit of 1064201?
6
What is the ten thousands digit of 21338?
2
What is the thousands digit of 23476?
3
What is the ten thousands digit of 141252?
4
What is the ten thousands digit of 17558025?
5
What is the units digit of 263492?
2
What is the units digit of 20256495?
5
What is the hundred thousands digit of 11993211?
9
What is the units digit of 2651919?
9
What is the tens digit of 277137?
3
What is the ten thousands digit of 10105177?
0
What is the thousands digit of 555101?
5
What is the hundred thousands digit of 3659932?
6
What is the hundreds digit of 137489?
4
What is the ten millions digit of 21128086?
2
What is the millions digit of 2504205?
2
What is the hundreds digit of 21721?
7
What is the tens digit of 82493?
9
What is the ten thousands digit of 79384?
7
What is the units digit of 132391?
1
What is the thousands digit of 7779902?
9
What is the millions digit of 14443837?
4
What is the ten thousands digit of 284061?
8
What is the units digit of 528872?
2
What is the tens digit of 7464971?
7
What is the hundred thousands digit of 1526632?
5
What is the hundreds digit of 1891066?
0
What is the hundreds digit of 4317733?
7
What is the tens digit of 2540643?
4
What is the ten thousands digit of 135862?
3
What is the hundred thousands digit of 327400?
3
What is the millions digit of 1182963?
1
What is the thousands digit of 246139?
6
What is the hundred thousands digit of 110531?
1
What is the ten millions digit of 13312465?
1
What is the tens digit of 152163?
6
What is the hundreds digit of 875345?
3
What is the thousands digit of 10709716?
9
What is the units digit of 23407?
7
What is the ten thousands digit of 5194621?
9
What is the hundreds digit of 64490?
4
What is the hundred thousands digit of 1541463?
5
What is the hundred thousands digit of 232157?
2
What is the thousands digit of 128362?
8
What is the thousands digit of 257600?
7
What is the thousands digit of 898841?
8
What is the thousands digit of 3245554?
5
What is the thousands digit of 74624?
4
What is the tens digit of 89390?
9
What is the millions digit of 4571633?
4
What is the millions digit of 3742559?
3
What is the tens digit of 1564522?
2
What is the thousands digit of 1319478?
9
What is the thousands digit of 2375433?
5
What is the hundred thousands digit of 2311569?
3
What is the tens digit of 127064?
6
What is the tens digit of 343833?
3
What is the ten thousands digit of 7632883?
3
What is the hundreds digit of 859962?
9
What is the hundred thousands digit of 1068909?
0
What is the hundred thousands digit of 185315?
1
What is the millions digit of 20026111?
0
What is the hundred thousands digit of 4535919?
5
What is the tens digit of 148817?
1
What is the hundreds digit of 300431?
4
What is the hundreds digit of 1317102?
1
What is the hundreds digit of 111644?
6
What is the hundred thousands digit of 620270?
6
What is the tens digit of 3423468?
6
What is the millions digit of 3700191?
3
What is the millions digit of 10528713?
0
What is the hundred thousands digit of 7950362?
9
What is the units digit of 20243285?
5
What is the ten thousands digit of 154093?
5
What is the units digit of 531361?
1
What is the hundred thousands digit of 958119?
9
What is the tens digit of 188706?
0
What is the thousands digit of 250051?
0
What is the ten thousands digit of 1212465?
1
What is the ten thousands digit of 3655310?
5
What is the ten thousands digit of 3159854?
5
What is the millions digit of 1727970?
1
What is the tens digit of 8940759?
5
What is the thousands digit of 2687838?
7
What is the units digit of 2089480?
0
What is the hundreds digit of 179921?
9
What is the millions digit of 1299935?
1
What is the hundreds digit of 591523?
5
What is the tens digit of 283452?
5
What is the ten thousands digit of 248915?
4
What is the ten thousands digit of 578158?
7
What is the thousands digit of 867188?
7
What is the tens digit of 910451?
5
What is the ten millions digit of 12427713?
1
What is the ten thousands digit of 473011?
7
What is the tens digit of 381802?
0
What is the ten thousands digit of 4750036?
5
What is the tens digit of 5306816?
1
What is the thousands digit of 2963009?
3
What is the ten thousands digit of 46550?
4
What is the units digit of 274184?
4
What is the hundred thousands digit of 1297240?
2
What is the hundred thousands digit of 145483?
1
What is the hundred thousands digit of 2156815?
1
What is the hundreds digit of 40123?
1
What is the units digit of 19434180?
0
What is the tens digit of 32525?
2
What is the units digit of 8084650?
0
What is the tens digit of 613834?
3
What is the tens digit of 2909221?
2
What is the hundreds digit of 5012809?
8
What is the hundred thousands digit of 463276?
4
What is the thousands digit of 1119461?
9
What is the units digit of 6868960?
0
What is the ten thousands digit of 12098153?
9
What is the tens digit of 160790?
9
What is the ten thousands digit of 65096?
6
What is the hundreds digit of 1340681?
6
What is the thousands digit of 1284211?
4
What is the millions digit of 2771579?
2
What is the units digit of 184120?
0
What is the tens digit of 148215?
1
What is the ten thousands digit of 5707647?
0
What is the ten thousands digit of 346494?
4
What is the hundreds digit of 308159?
1
What is the hundreds digit of 29791472?
4
What is the units digit of 755616?
6
What is the ten thousands digit of 234476?
3
What is the ten thousands digit of 6855550?
5
What is the tens digit of 28822685?
8
What is the mil